[INFO] fetching crate wasmprinter 0.2.9...
[INFO] checking wasmprinter-0.2.9 against master#af3c6e733a40e671550e0f0f5aeecaa13772ba56 for pr-74989
[INFO] extracting crate wasmprinter 0.2.9 into /workspace/builds/worker-1/source
[INFO] validating manifest of crates.io crate wasmprinter 0.2.9 on toolchain af3c6e733a40e671550e0f0f5aeecaa13772ba56
[INFO] running `Command { std: "/workspace/cargo-home/bin/cargo" "+af3c6e733a40e671550e0f0f5aeecaa13772ba56" "read-manifest" "--manifest-path" "Cargo.toml", kill_on_drop: false }`
[INFO] started tweaking crates.io crate wasmprinter 0.2.9
[INFO] finished tweaking crates.io crate wasmprinter 0.2.9
[INFO] tweaked toml for crates.io crate wasmprinter 0.2.9 written to /workspace/builds/worker-1/source/Cargo.toml
[INFO] running `Command { std: "/workspace/cargo-home/bin/cargo" "+af3c6e733a40e671550e0f0f5aeecaa13772ba56" "generate-lockfile" "--manifest-path" "Cargo.toml" "-Zno-index-update", kill_on_drop: false }`
[INFO] running `Command { std: "/workspace/cargo-home/bin/cargo" "+af3c6e733a40e671550e0f0f5aeecaa13772ba56" "fetch" "--locked" "--manifest-path" "Cargo.toml", kill_on_drop: false }`
[INFO] running `Command { std: "docker" "create" "-v" "/var/lib/crater-agent-workspace/builds/worker-1/target:/opt/rustwide/target:rw,Z" "-v" "/var/lib/crater-agent-workspace/builds/worker-1/source:/opt/rustwide/workdir:ro,Z" "-v" "/var/lib/crater-agent-workspace/cargo-home:/opt/rustwide/cargo-home:ro,Z" "-v" "/var/lib/crater-agent-workspace/rustup-home:/opt/rustwide/rustup-home:ro,Z" "-e" "SOURCE_DIR=/opt/rustwide/workdir" "-e" "CARGO_TARGET_DIR=/opt/rustwide/target" "-e" "CARGO_HOME=/opt/rustwide/cargo-home" "-e" "RUSTUP_HOME=/opt/rustwide/rustup-home" "-w" "/opt/rustwide/workdir" "-m" "1610612736" "--user" "0:0" "--network" "none" "rustops/crates-build-env@sha256:d92eaeed33fa75130ca1ee6c8a01d1ffb62bac859dfdfb3450e3e5d1c0146529" "/opt/rustwide/cargo-home/bin/cargo" "+af3c6e733a40e671550e0f0f5aeecaa13772ba56" "metadata" "--no-deps" "--format-version=1", kill_on_drop: false }`
[INFO] [stderr] WARNING: Your kernel does not support swap limit capabilities or the cgroup is not mounted. Memory limited without swap.
[INFO] [stdout] 6cd69918c1f10f1ce5668ba416453e1e9e7f6d062cc896ecaa9306ba7985b29b
[INFO] running `Command { std: "docker" "start" "-a" "6cd69918c1f10f1ce5668ba416453e1e9e7f6d062cc896ecaa9306ba7985b29b", kill_on_drop: false }`
[INFO] running `Command { std: "docker" "inspect" "6cd69918c1f10f1ce5668ba416453e1e9e7f6d062cc896ecaa9306ba7985b29b", kill_on_drop: false }`
[INFO] running `Command { std: "docker" "rm" "-f" "6cd69918c1f10f1ce5668ba416453e1e9e7f6d062cc896ecaa9306ba7985b29b", kill_on_drop: false }`
[INFO] [stdout] 6cd69918c1f10f1ce5668ba416453e1e9e7f6d062cc896ecaa9306ba7985b29b
[INFO] running `Command { std: "docker" "create" "-v" "/var/lib/crater-agent-workspace/builds/worker-1/target:/opt/rustwide/target:rw,Z" "-v" "/var/lib/crater-agent-workspace/builds/worker-1/source:/opt/rustwide/workdir:ro,Z" "-v" "/var/lib/crater-agent-workspace/cargo-home:/opt/rustwide/cargo-home:ro,Z" "-v" "/var/lib/crater-agent-workspace/rustup-home:/opt/rustwide/rustup-home:ro,Z" "-e" "SOURCE_DIR=/opt/rustwide/workdir" "-e" "CARGO_TARGET_DIR=/opt/rustwide/target" "-e" "CARGO_INCREMENTAL=0" "-e" "RUST_BACKTRACE=full" "-e" "RUSTFLAGS=--cap-lints=forbid" "-e" "CARGO_HOME=/opt/rustwide/cargo-home" "-e" "RUSTUP_HOME=/opt/rustwide/rustup-home" "-w" "/opt/rustwide/workdir" "-m" "1610612736" "--user" "0:0" "--network" "none" "rustops/crates-build-env@sha256:d92eaeed33fa75130ca1ee6c8a01d1ffb62bac859dfdfb3450e3e5d1c0146529" "/opt/rustwide/cargo-home/bin/cargo" "+af3c6e733a40e671550e0f0f5aeecaa13772ba56" "check" "--frozen" "--all" "--all-targets" "--message-format=json", kill_on_drop: false }`
[INFO] [stderr] WARNING: Your kernel does not support swap limit capabilities or the cgroup is not mounted. Memory limited without swap.
[INFO] [stdout] e80262e9c37f51237513b7382823e7f26d4984ed9f4caf8ffb57678638ae6c0e
[INFO] running `Command { std: "docker" "start" "-a" "e80262e9c37f51237513b7382823e7f26d4984ed9f4caf8ffb57678638ae6c0e", kill_on_drop: false }`
[INFO] [stderr]    Compiling maybe-uninit v2.0.0
[INFO] [stderr]    Compiling getrandom v0.1.15
[INFO] [stderr]     Checking scopeguard v1.1.0
[INFO] [stderr]     Checking wasmparser v0.62.0
[INFO] [stderr]     Checking remove_dir_all v0.5.3
[INFO] [stderr]    Compiling crossbeam-utils v0.7.2
[INFO] [stderr]    Compiling crossbeam-epoch v0.8.2
[INFO] [stderr]    Compiling rayon v1.4.0
[INFO] [stderr]     Checking getopts v0.2.21
[INFO] [stderr]     Checking num_cpus v1.13.0
[INFO] [stderr]     Checking rand_core v0.5.1
[INFO] [stderr]     Checking rand_chacha v0.2.2
[INFO] [stderr]     Checking crossbeam-channel v0.4.4
[INFO] [stderr]     Checking rand v0.7.3
[INFO] [stderr]     Checking crossbeam-deque v0.7.3
[INFO] [stderr]     Checking rayon-core v1.8.0
[INFO] [stderr]     Checking wasmprinter v0.2.9 (/opt/rustwide/workdir)
[INFO] [stderr]     Checking tempfile v3.1.0
[INFO] [stdout] error[E0433]: failed to resolve: use of undeclared type or module `wat`
[INFO] [stdout]  --> tests/all.rs:3:17
[INFO] [stdout]   |
[INFO] [stdout] 3 |     let bytes = wat::parse_str(
[INFO] [stdout]   |                 ^^^ use of undeclared type or module `wat`
[INFO] [stdout] 
[INFO] [stdout] 
[INFO] [stdout] error[E0433]: failed to resolve: use of undeclared type or module `wat`
[INFO] [stdout]   --> tests/all.rs:16:17
[INFO] [stdout]    |
[INFO] [stdout] 16 |     let bytes = wat::parse_str(
[INFO] [stdout]    |                 ^^^ use of undeclared type or module `wat`
[INFO] [stdout] 
[INFO] [stdout] 
[INFO] [stdout] error[E0433]: failed to resolve: use of undeclared type or module `wat`
[INFO] [stdout]   --> tests/all.rs:36:17
[INFO] [stdout]    |
[INFO] [stdout] 36 |     let bytes = wat::parse_str(
[INFO] [stdout]    |                 ^^^ use of undeclared type or module `wat`
[INFO] [stdout] 
[INFO] [stdout] 
[INFO] [stdout] error: aborting due to 3 previous errors
[INFO] [stdout] 
[INFO] [stdout] 
[INFO] [stdout] For more information about this error, try `rustc --explain E0433`.
[INFO] [stdout] 
[INFO] [stderr] error: could not compile `wasmprinter`.
[INFO] [stderr] 
[INFO] [stderr] To learn more, run the command again with --verbose.
[INFO] [stderr] warning: build failed, waiting for other jobs to finish...
[INFO] [stderr] error: build failed
[INFO] running `Command { std: "docker" "inspect" "e80262e9c37f51237513b7382823e7f26d4984ed9f4caf8ffb57678638ae6c0e", kill_on_drop: false }`
[INFO] running `Command { std: "docker" "rm" "-f" "e80262e9c37f51237513b7382823e7f26d4984ed9f4caf8ffb57678638ae6c0e", kill_on_drop: false }`
[INFO] [stdout] e80262e9c37f51237513b7382823e7f26d4984ed9f4caf8ffb57678638ae6c0e
